{"id":29669,"date":"2025-09-28T15:41:00","date_gmt":"2025-09-28T13:41:00","guid":{"rendered":"https:\/\/szajduksoletbrigitta.hu\/?page_id=29669"},"modified":"2025-09-29T15:16:47","modified_gmt":"2025-09-29T13:16:47","slug":"relaxacios-modszerek","status":"publish","type":"page","link":"https:\/\/szajduksoletbrigitta.hu\/index.php\/relaxacios-modszerek\/","title":{"rendered":"Relax\u00e1ci\u00f3s m\u00f3dszerek"},"content":{"rendered":"\t\t<div data-elementor-type=\"wp-page\" data-elementor-id=\"29669\" class=\"elementor elementor-29669\" data-elementor-post-type=\"page\">\n\t\t\t\t<div class=\"wd-negative-gap elementor-element elementor-element-ae4518e e-flex e-con-boxed e-con e-parent\" data-id=\"ae4518e\" data-element_type=\"container\">\n\t\t\t\t\t<div class=\"e-con-inner\">\n\t\t\t\t<div class=\"elementor-element elementor-element-b050b2e elementor-widget elementor-widget-spacer\" data-id=\"b050b2e\" data-element_type=\"widget\" data-widget_type=\"spacer.default\">\n\t\t\t\t\t\t\t<div class=\"elementor-spacer\">\n\t\t\t<div class=\"elementor-spacer-inner\"><\/div>\n\t\t<\/div>\n\t\t\t\t\t\t<\/div>\n\t\t\t\t\t<\/div>\n\t\t\t\t<\/div>\n\t\t<div class=\"elementor-element elementor-element-e9f0077 e-flex e-con-boxed e-con e-parent\" data-id=\"e9f0077\" data-element_type=\"container\">\n\t\t\t\t\t<div class=\"e-con-inner\">\n\t\t\t\t<div class=\"elementor-element elementor-element-9f6b46d elementor-widget-divider--view-line_text elementor-widget-divider--element-align-center elementor-widget elementor-widget-divider\" data-id=\"9f6b46d\" data-element_type=\"widget\" data-widget_type=\"divider.default\">\n\t\t\t\t\t\t\t<div class=\"elementor-divider\">\n\t\t\t<span class=\"elementor-divider-separator\">\n\t\t\t\t\t\t\t<span class=\"elementor-divider__text elementor-divider__element\">\n\t\t\t\tRelax\u00e1ci\u00f3s m\u00f3dszerek\t\t\t\t<\/span>\n\t\t\t\t\t\t<\/span>\n\t\t<\/div>\n\t\t\t\t\t\t<\/div>\n\t\t\t\t<div class=\"elementor-element elementor-element-62fcee2 justify-text elementor-widget elementor-widget-wd_text_block\" data-id=\"62fcee2\" data-element_type=\"widget\" data-widget_type=\"wd_text_block.default\">\n\t\t\t\t<div class=\"elementor-widget-container\">\n\t\t\t\t\t\t\t<div class=\"wd-text-block reset-last-child text-left\">\n\t\t\t\n\t\t\t<p>A sportban \u00e9s a mindennapokban is fontosnak tartom a stressz \u00e9s fesz\u00fclts\u00e9g kezel\u00e9st. T\u00f6bbek k\u00f6z\u00f6tt emiatt csatlakoztam a Magyar Relax\u00e1ci\u00f3s \u00e9s Szimb\u00f3lumter\u00e1pi\u00e1s Egyes\u00fclethez, ahol <strong>Autog\u00e9n Tr\u00e9ning gyakorlatvezet\u0151v\u00e9<\/strong> v\u00e1ltam.<\/p><p>Az Autog\u00e9n Tr\u00e9ning egy egyszer\u0171en elsaj\u00e1t\u00edthat\u00f3 relax\u00e1ci\u00f3s m\u00f3dszer, amely seg\u00edt a <strong>stressz \u00e9s fesz\u00fclts\u00e9g cs\u00f6kkent\u00e9s\u00e9ben<\/strong>, a koncentr\u00e1ci\u00f3 jav\u00edt\u00e1s\u00e1ban \u00e9s a <strong>bels\u0151 nyugalom megteremt\u00e9s\u00e9ben<\/strong>. Rendszeres gyakorl\u00e1ssal hat\u00e9kony eszk\u00f6zz\u00e9 v\u00e1lhat a mindennapi kiegyens\u00falyozotts\u00e1g \u00e9s a regener\u00e1ci\u00f3 t\u00e1mogat\u00e1s\u00e1ban.<\/p><p>A relax\u00e1ci\u00f3 m\u00f3dszere annyira k\u00f6zel ker\u00fclt a sz\u00edvemhez, hogy szerettem volna t\u00f6bb t\u00edpus\u00e1val is megismerkedni, ez\u00e9rt elv\u00e9geztem a <strong>V\u00e1rand\u00f3sokra \u00e9s Gyermekekre specializ\u00e1lt relax\u00e1ci\u00f3s tov\u00e1bbk\u00e9pz\u00e9st<\/strong>. A v\u00e1rand\u00f3sok sz\u00e1m\u00e1ra az autog\u00e9n tr\u00e9ning seg\u00edthet a testi v\u00e1ltoz\u00e1sokhoz val\u00f3 alkalmazkod\u00e1sban, a szorong\u00e1s cs\u00f6kkent\u00e9s\u00e9ben \u00e9s a <strong>nyugodtabb felk\u00e9sz\u00fcl\u00e9sben<\/strong>, m\u00edg a gyermekekn\u00e9l j\u00e1t\u00e9kos m\u00f3don t\u00e1mogatja a fesz\u00fclts\u00e9gold\u00e1st \u00e9s a <strong>harmonikus lelki fejl\u0151d\u00e9st<\/strong>.<\/p>\n\t\t\t\t\t<\/div>\n\t\t\t\t\t\t<\/div>\n\t\t\t\t<\/div>\n\t\t\t\t\t<\/div>\n\t\t\t\t<\/div>\n\t\t<div class=\"elementor-element elementor-element-3e1cd13 e-flex e-con-boxed e-con e-parent\" data-id=\"3e1cd13\" data-element_type=\"container\" data-settings=\"{&quot;background_background&quot;:&quot;classic&quot;}\">\n\t\t\t\t\t<div class=\"e-con-inner\">\n\t\t<div class=\"elementor-element elementor-element-eec8d3a e-con-full e-flex e-con e-child\" data-id=\"eec8d3a\" data-element_type=\"container\" data-settings=\"{&quot;background_background&quot;:&quot;classic&quot;}\">\n\t\t\t\t<div class=\"elementor-element elementor-element-c371822 elementor-widget__width-initial elementor-view-default elementor-position-top elementor-mobile-position-top elementor-widget elementor-widget-icon-box\" data-id=\"c371822\" data-element_type=\"widget\" data-widget_type=\"icon-box.default\">\n\t\t\t\t\t\t\t<div class=\"elementor-icon-box-wrapper\">\n\n\t\t\t\t\t\t<div class=\"elementor-icon-box-icon\">\n\t\t\t\t<span  class=\"elementor-icon\">\n\t\t\t\t<svg aria-hidden=\"true\" class=\"e-font-icon-svg e-fas-water\" viewBox=\"0 0 576 512\" xmlns=\"http:\/\/www.w3.org\/2000\/svg\"><path d=\"M562.1 383.9c-21.5-2.4-42.1-10.5-57.9-22.9-14.1-11.1-34.2-11.3-48.2 0-37.9 30.4-107.2 30.4-145.7-1.5-13.5-11.2-33-9.1-46.7 1.8-38 30.1-106.9 30-145.2-1.7-13.5-11.2-33.3-8.9-47.1 2-15.5 12.2-36 20.1-57.7 22.4-7.9.8-13.6 7.8-13.6 15.7v32.2c0 9.1 7.6 16.8 16.7 16 28.8-2.5 56.1-11.4 79.4-25.9 56.5 34.6 137 34.1 192 0 56.5 34.6 137 34.1 192 0 23.3 14.2 50.9 23.3 79.1 25.8 9.1.8 16.7-6.9 16.7-16v-31.6c.1-8-5.7-15.4-13.8-16.3zm0-144c-21.5-2.4-42.1-10.5-57.9-22.9-14.1-11.1-34.2-11.3-48.2 0-37.9 30.4-107.2 30.4-145.7-1.5-13.5-11.2-33-9.1-46.7 1.8-38 30.1-106.9 30-145.2-1.7-13.5-11.2-33.3-8.9-47.1 2-15.5 12.2-36 20.1-57.7 22.4-7.9.8-13.6 7.8-13.6 15.7v32.2c0 9.1 7.6 16.8 16.7 16 28.8-2.5 56.1-11.4 79.4-25.9 56.5 34.6 137 34.1 192 0 56.5 34.6 137 34.1 192 0 23.3 14.2 50.9 23.3 79.1 25.8 9.1.8 16.7-6.9 16.7-16v-31.6c.1-8-5.7-15.4-13.8-16.3zm0-144C540.6 93.4 520 85.4 504.2 73 490.1 61.9 470 61.7 456 73c-37.9 30.4-107.2 30.4-145.7-1.5-13.5-11.2-33-9.1-46.7 1.8-38 30.1-106.9 30-145.2-1.7-13.5-11.2-33.3-8.9-47.1 2-15.5 12.2-36 20.1-57.7 22.4-7.9.8-13.6 7.8-13.6 15.7v32.2c0 9.1 7.6 16.8 16.7 16 28.8-2.5 56.1-11.4 79.4-25.9 56.5 34.6 137 34.1 192 0 56.5 34.6 137 34.1 192 0 23.3 14.2 50.9 23.3 79.1 25.8 9.1.8 16.7-6.9 16.7-16v-31.6c.1-8-5.7-15.4-13.8-16.3z\"><\/path><\/svg>\t\t\t\t<\/span>\n\t\t\t<\/div>\n\t\t\t\n\t\t\t\t\t\t<div class=\"elementor-icon-box-content\">\n\n\t\t\t\t\t\t\t\t\t<h3 class=\"elementor-icon-box-title\">\n\t\t\t\t\t\t<span  >\n\t\t\t\t\t\t\trelax\u00e1ci\u00f3s technik\u00e1k elsaj\u00e1t\u00edt\u00e1sa\t\t\t\t\t\t<\/span>\n\t\t\t\t\t<\/h3>\n\t\t\t\t\n\t\t\t\t\n\t\t\t<\/div>\n\t\t\t\n\t\t<\/div>\n\t\t\t\t\t\t<\/div>\n\t\t\t\t<\/div>\n\t\t<div class=\"elementor-element elementor-element-75ec14b e-con-full e-flex e-con e-child\" data-id=\"75ec14b\" data-element_type=\"container\" data-settings=\"{&quot;background_background&quot;:&quot;classic&quot;}\">\n\t\t\t\t<div class=\"elementor-element elementor-element-0b8f857 elementor-widget__width-initial elementor-view-default elementor-position-top elementor-mobile-position-top elementor-widget elementor-widget-icon-box\" data-id=\"0b8f857\" data-element_type=\"widget\" data-widget_type=\"icon-box.default\">\n\t\t\t\t\t\t\t<div class=\"elementor-icon-box-wrapper\">\n\n\t\t\t\t\t\t<div class=\"elementor-icon-box-icon\">\n\t\t\t\t<span  class=\"elementor-icon\">\n\t\t\t\t<svg aria-hidden=\"true\" class=\"e-font-icon-svg e-fas-water\" viewBox=\"0 0 576 512\" xmlns=\"http:\/\/www.w3.org\/2000\/svg\"><path d=\"M562.1 383.9c-21.5-2.4-42.1-10.5-57.9-22.9-14.1-11.1-34.2-11.3-48.2 0-37.9 30.4-107.2 30.4-145.7-1.5-13.5-11.2-33-9.1-46.7 1.8-38 30.1-106.9 30-145.2-1.7-13.5-11.2-33.3-8.9-47.1 2-15.5 12.2-36 20.1-57.7 22.4-7.9.8-13.6 7.8-13.6 15.7v32.2c0 9.1 7.6 16.8 16.7 16 28.8-2.5 56.1-11.4 79.4-25.9 56.5 34.6 137 34.1 192 0 56.5 34.6 137 34.1 192 0 23.3 14.2 50.9 23.3 79.1 25.8 9.1.8 16.7-6.9 16.7-16v-31.6c.1-8-5.7-15.4-13.8-16.3zm0-144c-21.5-2.4-42.1-10.5-57.9-22.9-14.1-11.1-34.2-11.3-48.2 0-37.9 30.4-107.2 30.4-145.7-1.5-13.5-11.2-33-9.1-46.7 1.8-38 30.1-106.9 30-145.2-1.7-13.5-11.2-33.3-8.9-47.1 2-15.5 12.2-36 20.1-57.7 22.4-7.9.8-13.6 7.8-13.6 15.7v32.2c0 9.1 7.6 16.8 16.7 16 28.8-2.5 56.1-11.4 79.4-25.9 56.5 34.6 137 34.1 192 0 56.5 34.6 137 34.1 192 0 23.3 14.2 50.9 23.3 79.1 25.8 9.1.8 16.7-6.9 16.7-16v-31.6c.1-8-5.7-15.4-13.8-16.3zm0-144C540.6 93.4 520 85.4 504.2 73 490.1 61.9 470 61.7 456 73c-37.9 30.4-107.2 30.4-145.7-1.5-13.5-11.2-33-9.1-46.7 1.8-38 30.1-106.9 30-145.2-1.7-13.5-11.2-33.3-8.9-47.1 2-15.5 12.2-36 20.1-57.7 22.4-7.9.8-13.6 7.8-13.6 15.7v32.2c0 9.1 7.6 16.8 16.7 16 28.8-2.5 56.1-11.4 79.4-25.9 56.5 34.6 137 34.1 192 0 56.5 34.6 137 34.1 192 0 23.3 14.2 50.9 23.3 79.1 25.8 9.1.8 16.7-6.9 16.7-16v-31.6c.1-8-5.7-15.4-13.8-16.3z\"><\/path><\/svg>\t\t\t\t<\/span>\n\t\t\t<\/div>\n\t\t\t\n\t\t\t\t\t\t<div class=\"elementor-icon-box-content\">\n\n\t\t\t\t\t\t\t\t\t<h3 class=\"elementor-icon-box-title\">\n\t\t\t\t\t\t<span  >\n\t\t\t\t\t\t\tautog\u00e9n tr\u00e9ning v\u00e1rand\u00f3soknak \u00e9s gyermekeknek\t\t\t\t\t\t<\/span>\n\t\t\t\t\t<\/h3>\n\t\t\t\t\n\t\t\t\t\n\t\t\t<\/div>\n\t\t\t\n\t\t<\/div>\n\t\t\t\t\t\t<\/div>\n\t\t\t\t<\/div>\n\t\t<div class=\"elementor-element elementor-element-d3933b5 e-con-full e-flex e-con e-child\" data-id=\"d3933b5\" data-element_type=\"container\" data-settings=\"{&quot;background_background&quot;:&quot;classic&quot;}\">\n\t\t\t\t<div class=\"elementor-element elementor-element-87082eb elementor-widget__width-initial elementor-view-default elementor-position-top elementor-mobile-position-top elementor-widget elementor-widget-icon-box\" data-id=\"87082eb\" data-element_type=\"widget\" data-widget_type=\"icon-box.default\">\n\t\t\t\t\t\t\t<div class=\"elementor-icon-box-wrapper\">\n\n\t\t\t\t\t\t<div class=\"elementor-icon-box-icon\">\n\t\t\t\t<span  class=\"elementor-icon\">\n\t\t\t\t<svg aria-hidden=\"true\" class=\"e-font-icon-svg e-fas-water\" viewBox=\"0 0 576 512\" xmlns=\"http:\/\/www.w3.org\/2000\/svg\"><path d=\"M562.1 383.9c-21.5-2.4-42.1-10.5-57.9-22.9-14.1-11.1-34.2-11.3-48.2 0-37.9 30.4-107.2 30.4-145.7-1.5-13.5-11.2-33-9.1-46.7 1.8-38 30.1-106.9 30-145.2-1.7-13.5-11.2-33.3-8.9-47.1 2-15.5 12.2-36 20.1-57.7 22.4-7.9.8-13.6 7.8-13.6 15.7v32.2c0 9.1 7.6 16.8 16.7 16 28.8-2.5 56.1-11.4 79.4-25.9 56.5 34.6 137 34.1 192 0 56.5 34.6 137 34.1 192 0 23.3 14.2 50.9 23.3 79.1 25.8 9.1.8 16.7-6.9 16.7-16v-31.6c.1-8-5.7-15.4-13.8-16.3zm0-144c-21.5-2.4-42.1-10.5-57.9-22.9-14.1-11.1-34.2-11.3-48.2 0-37.9 30.4-107.2 30.4-145.7-1.5-13.5-11.2-33-9.1-46.7 1.8-38 30.1-106.9 30-145.2-1.7-13.5-11.2-33.3-8.9-47.1 2-15.5 12.2-36 20.1-57.7 22.4-7.9.8-13.6 7.8-13.6 15.7v32.2c0 9.1 7.6 16.8 16.7 16 28.8-2.5 56.1-11.4 79.4-25.9 56.5 34.6 137 34.1 192 0 56.5 34.6 137 34.1 192 0 23.3 14.2 50.9 23.3 79.1 25.8 9.1.8 16.7-6.9 16.7-16v-31.6c.1-8-5.7-15.4-13.8-16.3zm0-144C540.6 93.4 520 85.4 504.2 73 490.1 61.9 470 61.7 456 73c-37.9 30.4-107.2 30.4-145.7-1.5-13.5-11.2-33-9.1-46.7 1.8-38 30.1-106.9 30-145.2-1.7-13.5-11.2-33.3-8.9-47.1 2-15.5 12.2-36 20.1-57.7 22.4-7.9.8-13.6 7.8-13.6 15.7v32.2c0 9.1 7.6 16.8 16.7 16 28.8-2.5 56.1-11.4 79.4-25.9 56.5 34.6 137 34.1 192 0 56.5 34.6 137 34.1 192 0 23.3 14.2 50.9 23.3 79.1 25.8 9.1.8 16.7-6.9 16.7-16v-31.6c.1-8-5.7-15.4-13.8-16.3z\"><\/path><\/svg>\t\t\t\t<\/span>\n\t\t\t<\/div>\n\t\t\t\n\t\t\t\t\t\t<div class=\"elementor-icon-box-content\">\n\n\t\t\t\t\t\t\t\t\t<h3 class=\"elementor-icon-box-title\">\n\t\t\t\t\t\t<span  >\n\t\t\t\t\t\t\tmedit\u00e1ci\u00f3s - imagin\u00e1ci\u00f3s m\u00f3dszerek\t\t\t\t\t\t<\/span>\n\t\t\t\t\t<\/h3>\n\t\t\t\t\n\t\t\t\t\n\t\t\t<\/div>\n\t\t\t\n\t\t<\/div>\n\t\t\t\t\t\t<\/div>\n\t\t\t\t<\/div>\n\t\t\t\t\t<\/div>\n\t\t\t\t<\/div>\n\t\t<div class=\"wd-negative-gap elementor-element elementor-element-d5805bd e-flex e-con-boxed e-con e-parent\" data-id=\"d5805bd\" data-element_type=\"container\">\n\t\t\t\t\t<div class=\"e-con-inner\">\n\t\t\t\t<div class=\"elementor-element elementor-element-1ab099a elementor-widget elementor-widget-spacer\" data-id=\"1ab099a\" data-element_type=\"widget\" data-widget_type=\"spacer.default\">\n\t\t\t\t\t\t\t<div class=\"elementor-spacer\">\n\t\t\t<div class=\"elementor-spacer-inner\"><\/div>\n\t\t<\/div>\n\t\t\t\t\t\t<\/div>\n\t\t\t\t<div class=\"elementor-element elementor-element-3a3cf1e elementor-widget-divider--view-line_text elementor-widget-divider--element-align-center elementor-widget elementor-widget-divider\" data-id=\"3a3cf1e\" data-element_type=\"widget\" data-widget_type=\"divider.default\">\n\t\t\t\t\t\t\t<div class=\"elementor-divider\">\n\t\t\t<span class=\"elementor-divider-separator\">\n\t\t\t\t\t\t\t<span class=\"elementor-divider__text elementor-divider__element\">\n\t\t\t\tKapcsolat\t\t\t\t<\/span>\n\t\t\t\t\t\t<\/span>\n\t\t<\/div>\n\t\t\t\t\t\t<\/div>\n\t\t\t\t<div class=\"elementor-element elementor-element-96065f6 elementor-widget elementor-widget-wd_text_block\" data-id=\"96065f6\" data-element_type=\"widget\" data-widget_type=\"wd_text_block.default\">\n\t\t\t\t<div class=\"elementor-widget-container\">\n\t\t\t\t\t\t\t<div class=\"wd-text-block reset-last-child text-center\">\n\t\t\t\n\t\t\t<p><em>Ha \u00fagy \u00e9rzi t\u00e1mogat\u00e1sra van sz\u00fcks\u00e9ge forduljon hozz\u00e1m bizalommal az al\u00e1bbi el\u00e9rhet\u0151s\u00e9gek egyik\u00e9n.<\/em><\/p>\n\t\t\t\t\t<\/div>\n\t\t\t\t\t\t<\/div>\n\t\t\t\t<\/div>\n\t\t\t\t\t<\/div>\n\t\t\t\t<\/div>\n\t\t<div class=\"elementor-element elementor-element-e914bc6 e-flex e-con-boxed e-con e-parent\" data-id=\"e914bc6\" data-element_type=\"container\">\n\t\t\t\t\t<div class=\"e-con-inner\">\n\t\t<div class=\"elementor-element elementor-element-f8ba46b e-con-full e-flex e-con e-child\" data-id=\"f8ba46b\" data-element_type=\"container\" data-settings=\"{&quot;background_background&quot;:&quot;classic&quot;}\">\n\t\t<div class=\"elementor-element elementor-element-d9ddd19 e-con-full e-flex e-con e-child\" data-id=\"d9ddd19\" data-element_type=\"container\">\n\t\t\t\t<div class=\"elementor-element elementor-element-2a63721 elementor-align-left elementor-icon-list--layout-traditional elementor-list-item-link-full_width elementor-widget elementor-widget-icon-list\" data-id=\"2a63721\" data-element_type=\"widget\" data-widget_type=\"icon-list.default\">\n\t\t\t\t\t\t\t<ul class=\"elementor-icon-list-items\">\n\t\t\t\t\t\t\t<li class=\"elementor-icon-list-item\">\n\t\t\t\t\t\t\t\t\t\t\t<span class=\"elementor-icon-list-icon\">\n\t\t\t\t\t\t\t<svg aria-hidden=\"true\" class=\"e-font-icon-svg e-far-envelope\" viewBox=\"0 0 512 512\" xmlns=\"http:\/\/www.w3.org\/2000\/svg\"><path d=\"M464 64H48C21.49 64 0 85.49 0 112v288c0 26.51 21.49 48 48 48h416c26.51 0 48-21.49 48-48V112c0-26.51-21.49-48-48-48zm0 48v40.805c-22.422 18.259-58.168 46.651-134.587 106.49-16.841 13.247-50.201 45.072-73.413 44.701-23.208.375-56.579-31.459-73.413-44.701C106.18 199.465 70.425 171.067 48 152.805V112h416zM48 400V214.398c22.914 18.251 55.409 43.862 104.938 82.646 21.857 17.205 60.134 55.186 103.062 54.955 42.717.231 80.509-37.199 103.053-54.947 49.528-38.783 82.032-64.401 104.947-82.653V400H48z\"><\/path><\/svg>\t\t\t\t\t\t<\/span>\n\t\t\t\t\t\t\t\t\t\t<span class=\"elementor-icon-list-text\">solet.brigitta@gmail.com<\/span>\n\t\t\t\t\t\t\t\t\t<\/li>\n\t\t\t\t\t\t\t\t<li class=\"elementor-icon-list-item\">\n\t\t\t\t\t\t\t\t\t\t\t<a href=\"https:\/\/www.belsosziget.net\/szajduksoletbrigitta\">\n\n\t\t\t\t\t\t\t\t\t\t\t\t<span class=\"elementor-icon-list-icon\">\n\t\t\t\t\t\t\t<svg aria-hidden=\"true\" class=\"e-font-icon-svg e-fas-map-marker-alt\" viewBox=\"0 0 384 512\" xmlns=\"http:\/\/www.w3.org\/2000\/svg\"><path d=\"M172.268 501.67C26.97 291.031 0 269.413 0 192 0 85.961 85.961 0 192 0s192 85.961 192 192c0 77.413-26.97 99.031-172.268 309.67-9.535 13.774-29.93 13.773-39.464 0zM192 272c44.183 0 80-35.817 80-80s-35.817-80-80-80-80 35.817-80 80 35.817 80 80 80z\"><\/path><\/svg>\t\t\t\t\t\t<\/span>\n\t\t\t\t\t\t\t\t\t\t<span class=\"elementor-icon-list-text\">Bels\u0151 Sziget Pszichol\u00f3giai K\u00f6zpont - 1076 Budapest, Th\u00f6k\u00f6ly \u00fat 26.<\/span>\n\t\t\t\t\t\t\t\t\t\t\t<\/a>\n\t\t\t\t\t\t\t\t\t<\/li>\n\t\t\t\t\t\t<\/ul>\n\t\t\t\t\t\t<\/div>\n\t\t\t\t<\/div>\n\t\t\t\t<\/div>\n\t\t<div class=\"elementor-element elementor-element-916776c e-con-full e-flex e-con e-child\" data-id=\"916776c\" data-element_type=\"container\">\n\t\t\t\t<div class=\"elementor-element elementor-element-440d73f elementor-button-success elementor-align-center elementor-widget elementor-widget-button\" data-id=\"440d73f\" data-element_type=\"widget\" data-widget_type=\"button.default\">\n\t\t\t\t\t\t\t\t\t\t<a class=\"elementor-button elementor-button-link elementor-size-sm\" href=\"https:\/\/szajduksoletbrigitta.hu\/.\/#contact\">\n\t\t\t\t\t\t<span class=\"elementor-button-content-wrapper\">\n\t\t\t\t\t\t\t\t\t<span class=\"elementor-button-text\">Bejelentkez\u00e9s<\/span>\n\t\t\t\t\t<\/span>\n\t\t\t\t\t<\/a>\n\t\t\t\t\t\t\t\t<\/div>\n\t\t\t\t<\/div>\n\t\t\t\t\t<\/div>\n\t\t\t\t<\/div>\n\t\t\t\t<\/div>\n\t\t","protected":false},"excerpt":{"rendered":"<p>Relax\u00e1ci\u00f3s m\u00f3dszerek A sportban \u00e9s a mindennapokban is fontosnak tartom a stressz \u00e9s fesz\u00fclts\u00e9g kezel\u00e9st. T\u00f6bbek k\u00f6z\u00f6tt emiatt csatlakoztam a<\/p>\n","protected":false},"author":1,"featured_media":0,"parent":0,"menu_order":0,"comment_status":"closed","ping_status":"closed","template":"","meta":{"footnotes":""},"class_list":["post-29669","page","type-page","status-publish","hentry"],"yoast_head":"<!-- This site is optimized with the Yoast SEO plugin v26.0 - https:\/\/yoast.com\/wordpress\/plugins\/seo\/ -->\n<title>Relax\u00e1ci\u00f3s m\u00f3dszerek - Szajduk-S\u00f6l\u00e9t Brigitta<\/title>\n<meta name=\"robots\" content=\"index, follow, max-snippet:-1, max-image-preview:large, max-video-preview:-1\" \/>\n<link rel=\"canonical\" href=\"https:\/\/szajduksoletbrigitta.hu\/index.php\/relaxacios-modszerek\/\" \/>\n<meta property=\"og:locale\" content=\"hu_HU\" \/>\n<meta property=\"og:type\" content=\"article\" \/>\n<meta property=\"og:title\" content=\"Relax\u00e1ci\u00f3s m\u00f3dszerek - Szajduk-S\u00f6l\u00e9t Brigitta\" \/>\n<meta property=\"og:description\" content=\"Relax\u00e1ci\u00f3s m\u00f3dszerek A sportban \u00e9s a mindennapokban is fontosnak tartom a stressz \u00e9s fesz\u00fclts\u00e9g kezel\u00e9st. T\u00f6bbek k\u00f6z\u00f6tt emiatt csatlakoztam a\" \/>\n<meta property=\"og:url\" content=\"https:\/\/szajduksoletbrigitta.hu\/index.php\/relaxacios-modszerek\/\" \/>\n<meta property=\"og:site_name\" content=\"Szajduk-S\u00f6l\u00e9t Brigitta\" \/>\n<meta property=\"article:modified_time\" content=\"2025-09-29T13:16:47+00:00\" \/>\n<meta name=\"twitter:card\" content=\"summary_large_image\" \/>\n<meta name=\"twitter:label1\" content=\"Becs\u00fclt olvas\u00e1si id\u0151\" \/>\n\t<meta name=\"twitter:data1\" content=\"1 perc\" \/>\n<script type=\"application\/ld+json\" class=\"yoast-schema-graph\">{\"@context\":\"https:\/\/schema.org\",\"@graph\":[{\"@type\":\"WebPage\",\"@id\":\"https:\/\/szajduksoletbrigitta.hu\/index.php\/relaxacios-modszerek\/\",\"url\":\"https:\/\/szajduksoletbrigitta.hu\/index.php\/relaxacios-modszerek\/\",\"name\":\"Relax\u00e1ci\u00f3s m\u00f3dszerek - Szajduk-S\u00f6l\u00e9t Brigitta\",\"isPartOf\":{\"@id\":\"https:\/\/szajduksoletbrigitta.hu\/#website\"},\"datePublished\":\"2025-09-28T13:41:00+00:00\",\"dateModified\":\"2025-09-29T13:16:47+00:00\",\"breadcrumb\":{\"@id\":\"https:\/\/szajduksoletbrigitta.hu\/index.php\/relaxacios-modszerek\/#breadcrumb\"},\"inLanguage\":\"hu\",\"potentialAction\":[{\"@type\":\"ReadAction\",\"target\":[\"https:\/\/szajduksoletbrigitta.hu\/index.php\/relaxacios-modszerek\/\"]}]},{\"@type\":\"BreadcrumbList\",\"@id\":\"https:\/\/szajduksoletbrigitta.hu\/index.php\/relaxacios-modszerek\/#breadcrumb\",\"itemListElement\":[{\"@type\":\"ListItem\",\"position\":1,\"name\":\"Kezd\u0151lap\",\"item\":\"https:\/\/szajduksoletbrigitta.hu\/\"},{\"@type\":\"ListItem\",\"position\":2,\"name\":\"Relax\u00e1ci\u00f3s m\u00f3dszerek\"}]},{\"@type\":\"WebSite\",\"@id\":\"https:\/\/szajduksoletbrigitta.hu\/#website\",\"url\":\"https:\/\/szajduksoletbrigitta.hu\/\",\"name\":\"Szajduk-S\u00f6l\u00e9t Brigitta\",\"description\":\"\",\"publisher\":{\"@id\":\"https:\/\/szajduksoletbrigitta.hu\/#organization\"},\"potentialAction\":[{\"@type\":\"SearchAction\",\"target\":{\"@type\":\"EntryPoint\",\"urlTemplate\":\"https:\/\/szajduksoletbrigitta.hu\/?s={search_term_string}\"},\"query-input\":{\"@type\":\"PropertyValueSpecification\",\"valueRequired\":true,\"valueName\":\"search_term_string\"}}],\"inLanguage\":\"hu\"},{\"@type\":\"Organization\",\"@id\":\"https:\/\/szajduksoletbrigitta.hu\/#organization\",\"name\":\"Szajduk-S\u00f6l\u00e9t Brigitta\",\"url\":\"https:\/\/szajduksoletbrigitta.hu\/\",\"logo\":{\"@type\":\"ImageObject\",\"inLanguage\":\"hu\",\"@id\":\"https:\/\/szajduksoletbrigitta.hu\/#\/schema\/logo\/image\/\",\"url\":\"https:\/\/szajduksoletbrigitta.hu\/wp-content\/uploads\/2025\/09\/CV2-1.jpg\",\"contentUrl\":\"https:\/\/szajduksoletbrigitta.hu\/wp-content\/uploads\/2025\/09\/CV2-1.jpg\",\"width\":939,\"height\":1408,\"caption\":\"Szajduk-S\u00f6l\u00e9t Brigitta\"},\"image\":{\"@id\":\"https:\/\/szajduksoletbrigitta.hu\/#\/schema\/logo\/image\/\"}}]}<\/script>\n<!-- \/ Yoast SEO plugin. -->","yoast_head_json":{"title":"Relax\u00e1ci\u00f3s m\u00f3dszerek - Szajduk-S\u00f6l\u00e9t Brigitta","robots":{"index":"index","follow":"follow","max-snippet":"max-snippet:-1","max-image-preview":"max-image-preview:large","max-video-preview":"max-video-preview:-1"},"canonical":"https:\/\/szajduksoletbrigitta.hu\/index.php\/relaxacios-modszerek\/","og_locale":"hu_HU","og_type":"article","og_title":"Relax\u00e1ci\u00f3s m\u00f3dszerek - Szajduk-S\u00f6l\u00e9t Brigitta","og_description":"Relax\u00e1ci\u00f3s m\u00f3dszerek A sportban \u00e9s a mindennapokban is fontosnak tartom a stressz \u00e9s fesz\u00fclts\u00e9g kezel\u00e9st. T\u00f6bbek k\u00f6z\u00f6tt emiatt csatlakoztam a","og_url":"https:\/\/szajduksoletbrigitta.hu\/index.php\/relaxacios-modszerek\/","og_site_name":"Szajduk-S\u00f6l\u00e9t Brigitta","article_modified_time":"2025-09-29T13:16:47+00:00","twitter_card":"summary_large_image","twitter_misc":{"Becs\u00fclt olvas\u00e1si id\u0151":"1 perc"},"schema":{"@context":"https:\/\/schema.org","@graph":[{"@type":"WebPage","@id":"https:\/\/szajduksoletbrigitta.hu\/index.php\/relaxacios-modszerek\/","url":"https:\/\/szajduksoletbrigitta.hu\/index.php\/relaxacios-modszerek\/","name":"Relax\u00e1ci\u00f3s m\u00f3dszerek - Szajduk-S\u00f6l\u00e9t Brigitta","isPartOf":{"@id":"https:\/\/szajduksoletbrigitta.hu\/#website"},"datePublished":"2025-09-28T13:41:00+00:00","dateModified":"2025-09-29T13:16:47+00:00","breadcrumb":{"@id":"https:\/\/szajduksoletbrigitta.hu\/index.php\/relaxacios-modszerek\/#breadcrumb"},"inLanguage":"hu","potentialAction":[{"@type":"ReadAction","target":["https:\/\/szajduksoletbrigitta.hu\/index.php\/relaxacios-modszerek\/"]}]},{"@type":"BreadcrumbList","@id":"https:\/\/szajduksoletbrigitta.hu\/index.php\/relaxacios-modszerek\/#breadcrumb","itemListElement":[{"@type":"ListItem","position":1,"name":"Kezd\u0151lap","item":"https:\/\/szajduksoletbrigitta.hu\/"},{"@type":"ListItem","position":2,"name":"Relax\u00e1ci\u00f3s m\u00f3dszerek"}]},{"@type":"WebSite","@id":"https:\/\/szajduksoletbrigitta.hu\/#website","url":"https:\/\/szajduksoletbrigitta.hu\/","name":"Szajduk-S\u00f6l\u00e9t Brigitta","description":"","publisher":{"@id":"https:\/\/szajduksoletbrigitta.hu\/#organization"},"potentialAction":[{"@type":"SearchAction","target":{"@type":"EntryPoint","urlTemplate":"https:\/\/szajduksoletbrigitta.hu\/?s={search_term_string}"},"query-input":{"@type":"PropertyValueSpecification","valueRequired":true,"valueName":"search_term_string"}}],"inLanguage":"hu"},{"@type":"Organization","@id":"https:\/\/szajduksoletbrigitta.hu\/#organization","name":"Szajduk-S\u00f6l\u00e9t Brigitta","url":"https:\/\/szajduksoletbrigitta.hu\/","logo":{"@type":"ImageObject","inLanguage":"hu","@id":"https:\/\/szajduksoletbrigitta.hu\/#\/schema\/logo\/image\/","url":"https:\/\/szajduksoletbrigitta.hu\/wp-content\/uploads\/2025\/09\/CV2-1.jpg","contentUrl":"https:\/\/szajduksoletbrigitta.hu\/wp-content\/uploads\/2025\/09\/CV2-1.jpg","width":939,"height":1408,"caption":"Szajduk-S\u00f6l\u00e9t Brigitta"},"image":{"@id":"https:\/\/szajduksoletbrigitta.hu\/#\/schema\/logo\/image\/"}}]}},"_links":{"self":[{"href":"https:\/\/szajduksoletbrigitta.hu\/index.php\/wp-json\/wp\/v2\/pages\/29669","targetHints":{"allow":["GET"]}}],"collection":[{"href":"https:\/\/szajduksoletbrigitta.hu\/index.php\/wp-json\/wp\/v2\/pages"}],"about":[{"href":"https:\/\/szajduksoletbrigitta.hu\/index.php\/wp-json\/wp\/v2\/types\/page"}],"author":[{"embeddable":true,"href":"https:\/\/szajduksoletbrigitta.hu\/index.php\/wp-json\/wp\/v2\/users\/1"}],"replies":[{"embeddable":true,"href":"https:\/\/szajduksoletbrigitta.hu\/index.php\/wp-json\/wp\/v2\/comments?post=29669"}],"version-history":[{"count":25,"href":"https:\/\/szajduksoletbrigitta.hu\/index.php\/wp-json\/wp\/v2\/pages\/29669\/revisions"}],"predecessor-version":[{"id":30170,"href":"https:\/\/szajduksoletbrigitta.hu\/index.php\/wp-json\/wp\/v2\/pages\/29669\/revisions\/30170"}],"wp:attachment":[{"href":"https:\/\/szajduksoletbrigitta.hu\/index.php\/wp-json\/wp\/v2\/media?parent=29669"}],"curies":[{"name":"wp","href":"https:\/\/api.w.org\/{rel}","templated":true}]}}